e 6431 - (-3)/6*(4 + -2). Suppose -89*f = -113*f + b. What is the units digit of f?
8
Let t = 624 + -625. What is the tens digit of (-6)/(-30) + t/(10/(-5478))?
4
Let h(f) = -449*f + 1009. What is the thousands digit of h(-20)?
9
Let y be ((-34 - 1) + 2)/(-1). Suppose -3*k - 4*m = -650, 0 = k + 6*m - 4*m - 214. Suppose y*o - 30*o = k. What is the tens digit of o?
7
Let x(z) be the third derivative of 0*z + 1/4*z**4 + 22*z**2 - 47/6*z**3 + 0. What is the tens digit of x(12)?
2
Suppose 3*n + 4*m - 3393 = 0, n + 255 - 1393 = m. What is the tens digit of n?
3
Let m(p) = 7*p**3 - 2*p**2 + 4. Let q(d) = d - 3. Let b be q(5). Let g(w) = -w**3 + 4*w**2 - w - 3. Let i be g(b). What is the hundreds digit of m(i)?
1
Suppose -1 - 2 = -3*c, 0 = -5*w + c - 46. Suppose -r + 199 = 4*s - 2*r, -2*s - 5*r = -105. Let x = s + w. What is the tens digit of x?
4
Let g = -7 - -42. Suppose 5*p = 110 + g. Suppose -4*d - 5*s + 792 = 0, -5*s - 1064 + p = -5*d. What is the hundreds digit of d?
2
Let k be 14/((-42)/39) + 3 + 0. Let o(m) = 10*m**2 + 35*m - 13. What is the units digit of o(k)?
7
Let r = -1490 + 4361. What is the units digit of r?
1
What is the units digit of ((-56)/16 - -4)*-6 - -4940?
7
Let f be 190/70 - (-5)/((-105)/(-6)). Suppose f*r = 4*y + 2095, -15*r = -13*r - y - 1405. What is the tens digit of r?
0
Suppose z = 6*z + z. Suppose b - 3*w - 83 - 173 = z, -4*b = -w - 1068. What is the units digit of b?
8
Suppose 4*w + p - 20044 - 49792 = 0, 5*p = -5*w + 87265. What is the hundreds digit of w?
4
Let c(m) = 59*m - 5. Let t(s) = -118*s + 9. Suppose 37 = 2*a + a + 2*l, 3*l = -2*a + 33. Let b(v) = a*c(v) + 4*t(v). What is the tens digit of b(2)?
0
Let d(c) = 7*c**2 - 70*c + 173. What is the units digit of d(47)?
6
Let w(p) = p**2 + 2*p + 1663. Let c be w(0). Let t = c + -831. What is the units digit of t?
2
Let c be (2/3)/((70/5691)/(-5)). Let l = 97 - c. What is the units digit of l?
8
Suppose 25 = 5*b, -7*b + 11*b - 3003 = -x. What is the units digit of x?
3
Let d = -236 + 242. Suppose 0 = d*l - 4 - 1190. What is the hundreds digit of l?
1
Let b(x) = -3*x - 13. Let s be b(-4). Let g(z) = -15*z**2 + z + 3. Let c be g(s). Let v(o) = -9*o + 2. What is the units digit of v(c)?
9
Let i be ((-36)/(-7))/((270/924)/15). Let f = i - 261. What is the units digit of f?
3
Let l be (2 + -1)/(4/(-4))*-27. Suppose -l*u = -22*u - 325. Suppose -3*o - c = -u, o - c - 39 = -16. What is the tens digit of o?
2
Suppose 0 = 148*d - 1848700 - 627657 + 47529. What is the ten thousands digit of d?
1
Suppose -3*o + 3*r + 11 - 26 = 0, 5*r = 25. Suppose o = -81*g + 84*g - 552. What is the units digit of g?
4
Let d(g) = -18637*g**3 - 47*g**2 - 43*g + 3. What is the hundreds digit of d(-1)?
6
Let y = -122171 - -178029. What is the units digit of y?
8
Suppose -48 = -3*m - 3*t, -2*m - 4*t + 26 = -14. Suppose m*b = 10702 - 1114. What is the tens digit of b?
9
Let g(w) = w - 10. Let n be g(16). Suppose -9*i + n = 51. Let m = 14 - i. What is the units digit of m?
9
Suppose -8768*y + 8766*y + 20588 = 0. What is the ten thousands digit of y?
1
Suppose -4*f + 61756 = -2*l, 0 = 4*f - 8*l + 10*l - 61740. What is the hundreds digit of f?
4
Let x be (-1)/4*(-2 + -14). Suppose 0 = x*z - 13*z. What is the units digit of z - (3 + 127/2)*-2?
3
Suppose -5*o + 12*o = 28. Suppose 0 = o*f + 12, 2*f - f + 2319 = 3*n. What is the hundreds digit of n?
7
Let a = -47 + 78. Suppose 2*i + a = -3*j, -4*j - 6*i = -4*i + 38. What is the units digit of (j + 40)*2/6?
1
What is the tens digit of 78/(((-1053)/(-354) + -3)/(-2))?
3
Let s = 66148 - 14429. What is the tens digit of s?
1
Let k = -62651 + 93410. What is the thousands digit of k?
0
What is the hundreds digit of ((-432)/288)/(15933/(-15924) - -1)?
6
What is the units digit of 9290 - ((-1 - 2) + 1 - 14/(-2))?
5
Suppose 46845 = 5*u - 4*g, -5*g = 4*u + 18171 - 55647. What is the units digit of u?
9
Suppose -6*h - 8*h + 2*h = 0. Suppose 4*g - 232 - 1768 = h. What is the hundreds digit of g?
5
Suppose -35*j = -24 - 46. What is the units digit of (2/(-4))/(j/(-2544))?
6
Let q = -215 - -222. Let l = 35 - q. What is the units digit of l?
8
Suppose -32*p - 10683 = -2*u - 29*p, -5*p = -2*u + 10677. What is the tens digit of u?
4
Let o = -54 - -71. Let f = -24 + o. What is the tens digit of (12/f)/(1 + 932/(-924))?
9
Suppose 3*q + 18 = 0, 5*n = -8*q + 3*q + 7075. What is the tens digit of n?
2
Let m(z) = 4053*z**3 - z**2 - 26*z + 28. What is the hundreds digit of m(1)?
0
Suppose -3*n = 9*n - 12. Suppose -3*b - 4*x = 3, x - 5 = -3*b + n. Suppose -345 - 321 = -b*u. What is the units digit of u?
2
Let v be (4 + -1 - (-14)/(-4))*-162. Let k = -421 - v. Let b = k - -724. What is the units digit of b?
2
Suppose -14*n - 13*n - 297 = 0. Suppose 2*x + 2628 = -x. What is the hundreds digit of (x - n)*(-2)/10?
1
Let w = -95 - -98. Suppose q = -n - 10, 3*q + 8*n - w*n + 38 = 0. What is the units digit of ((-10)/8)/(q + 671/112)?
0
Let j(d) be the second derivative of 1/2*d**2 - 5/12*d**4 - 1/2*d**3 - 2/5*d**5 + 0 + d. What is the tens digit of j(-3)?
8
Suppose 0 = -10*z + 13*z + 3*m - 51522, 0 = 5*z + 3*m - 85882. What is the hundreds digit of z?
1
Suppose 0 = -4*u - 3*r + 19993 + 1909, 4*u + 5*r - 21906 = 0. Suppose 0 = -20*k + 13*k + u. What is the hundreds digit of k?
7
Let t = -19808 - -55846. What is the hundreds digit of t?
0
Suppose -20*a + 1025507 = 34747. Suppose 0 = -30*r + 12652 + a. What is the units digit of r?
3
Let f(i) = 589*i**3 - i**2 + 7*i - 4. What is the hundreds digit of f(1)?
5
Let n(l) = 1160*l**3 + l**2 - 5*l + 5. Let x be n(1). Suppose -11*w = x - 7563. What is the tens digit of w?
8
Suppose -5*p - 3*i = -10, p + 2*i - 3 = 6. Let o(l) = 3*l**3 - 6*l**2 - l + 3. Let w be o(3). Let b = w - p. What is the units digit of b?
8
What is the tens digit of (6/(-4) - 0)/((-1431)/5161140)?
1
Let w(o) = o**2 - 4*o + 12. Let i be w(4). Suppose 0 = 6*n - i + 12. Suppose -4*s + 16 = n, -2*s = 4*u - 3*s - 332. What is the units digit of u?
4
What is the tens digit of (-34483 - 17)*(2 + -6 + 3)?
0
Let n(u) = 2*u**3 + 44*u**2 + 3*u + 27. Let k be n(-21). Let c = -363 + k. What is the tens digit of c?
8
Suppose -544 = -4*c - o + 2808, 0 = 5*c + 5*o - 4190. Suppose 2*l + c = 4*x, 4*l = 4*x - 0*l - 832. What is the units digit of x?
1
Let i(g) = -2*g**3 - 5*g**2 - g + 1. Let p be i(-3). Suppose -2*m - 87 = -3*c, c - 2*m + p = 38. What is the tens digit of c?
3
Let h(o) = o**3 + 13*o**2 - 14*o + 2. Suppose -42 = -2*m + 5*m. Let w be h(m). Suppose -4*l + w*f = -0*l - 314, 5*f - 279 = -4*l. What is the tens digit of l?
7
Suppose 0 = 7*j - 979 + 104. Let o(l) = 2*l**2 + 29*l + 11. Let a be o(-18). Suppose -j = -2*z + a. What is the units digit of z?
1
Let c(d) = d**3 + 12*d**2 - 4*d + 129. Let v be c(-13). Suppose -1201 - 12323 = -v*m. What is the hundreds digit of m?
1
Suppose 2*j + 2*k + 8 + 4 = 0, 10 = -2*k. Let y be (5 - 6)/j - 1*-29. Let g = 26 + y. What is the units digit of g?
6
Let d(o) = 19*o**2 + 50*o - 19*o - 16*o + 16*o**2 - 13*o + 46. What is the hundreds digit of d(-5)?
9
What is the hundreds digit of -20420*(-10)/(-6 + 16)?
4
Suppose -a + 229*p + 12542 = 231*p, 2*a - 5*p = 25048. What is the hundreds digit of a?
5
Let w be 6/(-7) - (-41)/7. Suppose -3*k - 5672 = -w*s - k, 5666 = 5*s + 4*k. What is the tens digit of s?
3
Let a be (10/12)/(69/(-18) - -4). Suppose -a*t + 3*t + 55 = y, -5*t + 143 = -3*y. Suppose w - f + 3*f - t = 0, 4*f = -5*w + 110. What is the units digit of w?
8
Suppose 4*o + 4*n + 8988 = -0*n, 0 = -o - 3*n - 2253. What is the tens digit of (-28)/8*o/77?
0
Let s be 47 + 10 + -4 - -1*1. Let p = 10 - 25. Let m = s - p. What is the tens digit of m?
6
What is the tens digit of -2 + (-4 - (9 - 11)) - -1922?
1
Suppose 2*k - 36340 = 61*f - 62*f, 4*f + 2*k - 145378 = 0. What is the ten thousands digit of f?
3
Let v = 207 + -24. What is the tens digit of v?
8
Let v(p) = 0*p - 12 + 14*p**3 - 12*p**3 - 12*p - 20*p**2. Let c be v(9). Let t = -127 - c. What is the tens digit of t?
5
Let j(r) = r. Let g be j(6). Suppose 28*b - 2280 = 1920. Suppose -8*q + g*q + b = 0. What is the units digit of q?
5
Let u = 6 - -124. Let k(p) = -8*p**3 + 86*p**2 + 91*p + 2. Let h be k(-1). Let o = h + u. What is the tens digit of o?
3
Suppose 13*q - 12722 = 25420. What is the ten